{"id":6,"date":"2008-01-27T19:38:49","date_gmt":"2008-01-27T18:38:49","guid":{"rendered":"http:\/\/kneb.topa.pl\/kneb\/o-nas"},"modified":"2021-01-13T12:51:49","modified_gmt":"2021-01-13T11:51:49","slug":"o-nas","status":"publish","type":"page","link":"https:\/\/kneb.wznj.umg.edu.pl\/?page_id=6","title":{"rendered":"O nas"},"content":{"rendered":"<p><\/p>\n<p>Ko\u0142o zosta\u0142o za\u0142o\u017cone z inicjatywy dw\u00f3ch student\u00f3w Biznesu Elektronicznego.<\/p>\n<p><img decoding=\"async\" src=\"\/wp-content\/uploads\/chumbermarek.jpg\" alt=\"chumbermarek.jpg\" \/><\/p>\n<p>Po lewej: \u0141ukasz Tomczak, po prawej za\u015b: Marek Ostolski.<\/p>\n<p>Formalizacja wszystkich spraw zaj\u0119\u0142a oko\u0142o 1,5 miesi\u0105ca. Pod koniec listopada 2006r, dok\u0142adnie 28-ego, nasze ko\u0142o zosta\u0142o oficjalnie wpisane do rejestru k\u00f3\u0142 Akademii Morskiej W Gdyni.<\/p>\n<p><strong>Cz\u0142onkowie Ko\u0142a uczestniczyli mi\u0119dzy innymi w ni\u017cej wymienionych konferencjach:<\/strong><\/p>\n<ul>\n<li>III Kongres Bezpiecze\u0144stwa w Warszawie,<\/li>\n<li>II Spotkanie K\u00f3\u0142 Naukowych Tr\u00f3jmiejskich Uczelni,<\/li>\n<li>German-Polish-French Joint Seminar 2007 w Hochschule Bremerhaven,<\/li>\n<li> Spotkanie U\u017cytkownik\u00f3w OfficeObjects,<\/li>\n<li> Symantec Endpoint Protection w Gdansku,<\/li>\n<li> III KSKN W Szczecinie,<\/li>\n<li> &#8222;Studenckie Dni Jako\u015bci 2013&#8221; w Gdyni, <\/li>\n<li> I og\u00f3lnopolska konferencja studenckich k\u00f3\u0142 naukowych \u201eOSI\u0104GNI\u0118CIA M\u0141ODYCH NAUKOWC\u00d3W\u201d w Warszawie,<\/li>\n<li> &#8222;Studenckie Dni Jako\u015bci 2014&#8221; w Gdyni,<\/li>\n<li> &#8222;Student Maritime Coneference 2014&#8221; Gdynia &#8211; Karlskrona.<\/li>\n<\/ul>\n","protected":false},"excerpt":{"rendered":"<p>Ko\u0142o zosta\u0142o za\u0142o\u017cone z inicjatywy dw\u00f3ch student\u00f3w Biznesu Elektronicznego. Po lewej: \u0141ukasz Tomczak, po prawej za\u015b: Marek Ostolski. Formalizacja wszystkich spraw zaj\u0119\u0142a oko\u0142o 1,5 miesi\u0105ca. Pod koniec listopada 2006r, dok\u0142adnie 28-ego, nasze ko\u0142o zosta\u0142o oficjalnie wpisane do rejestru k\u00f3\u0142 Akademii Morskiej W Gdyni. Cz\u0142onkowie Ko\u0142a uczestniczyli mi\u0119dzy innymi w ni\u017cej wymienionych konferencjach: III Kongres Bezpiecze\u0144stwa<a href=\"https:\/\/kneb.wznj.umg.edu.pl\/?page_id=6\">[&#8230;]<\/a><\/p>\n","protected":false},"author":1,"featured_media":0,"parent":0,"menu_order":0,"comment_status":"closed","ping_status":"closed","template":"template-fullwidth.php","meta":{"footnotes":""},"_links":{"self":[{"href":"https:\/\/kneb.wznj.umg.edu.pl\/index.php?rest_route=\/wp\/v2\/pages\/6"}],"collection":[{"href":"https:\/\/kneb.wznj.umg.edu.pl\/index.php?rest_route=\/wp\/v2\/pages"}],"about":[{"href":"https:\/\/kneb.wznj.umg.edu.pl\/index.php?rest_route=\/wp\/v2\/types\/page"}],"author":[{"embeddable":true,"href":"https:\/\/kneb.wznj.umg.edu.pl\/index.php?rest_route=\/wp\/v2\/users\/1"}],"replies":[{"embeddable":true,"href":"https:\/\/kneb.wznj.umg.edu.pl\/index.php?rest_route=%2Fwp%2Fv2%2Fcomments&post=6"}],"version-history":[{"count":7,"href":"https:\/\/kneb.wznj.umg.edu.pl\/index.php?rest_route=\/wp\/v2\/pages\/6\/revisions"}],"predecessor-version":[{"id":1455,"href":"https:\/\/kneb.wznj.umg.edu.pl\/index.php?rest_route=\/wp\/v2\/pages\/6\/revisions\/1455"}],"wp:attachment":[{"href":"https:\/\/kneb.wznj.umg.edu.pl\/index.php?rest_route=%2Fwp%2Fv2%2Fmedia&parent=6"}],"curies":[{"name":"wp","href":"https:\/\/api.w.org\/{rel}","templated":true}]}}

<p></p>
<p>Koło zostało założone z inicjatywy dwóch studentów Biznesu Elektronicznego.</p>
<p><img decoding="async" src="/wp-content/uploads/chumbermarek.jpg" alt="chumbermarek.jpg" /></p>
<p>Po lewej: Łukasz Tomczak, po prawej zaś: Marek Ostolski.</p>
<p>Formalizacja wszystkich spraw zajęła około 1,5 miesiąca. Pod koniec listopada 2006r, dokładnie 28-ego, nasze koło zostało oficjalnie wpisane do rejestru kół Akademii Morskiej W Gdyni.</p>
<p><strong>Członkowie Koła uczestniczyli między innymi w niżej wymienionych konferencjach:</strong></p>
<ul>
<li>III Kongres Bezpieczeństwa w Warszawie,</li>
<li>II Spotkanie Kół Naukowych Trójmiejskich Uczelni,</li>
<li>German-Polish-French Joint Seminar 2007 w Hochschule Bremerhaven,</li>
<li> Spotkanie Użytkowników OfficeObjects,</li>
<li> Symantec Endpoint Protection w Gdansku,</li>
<li> III KSKN W Szczecinie,</li>
<li> &#8222;Studenckie Dni Jakości 2013&#8221; w Gdyni, </li>
<li> I ogólnopolska konferencja studenckich kół naukowych „OSIĄGNIĘCIA MŁODYCH NAUKOWCÓW” w Warszawie,</li>
<li> &#8222;Studenckie Dni Jakości 2014&#8221; w Gdyni,</li>
<li> &#8222;Student Maritime Coneference 2014&#8221; Gdynia &#8211; Karlskrona.</li>
</ul>

<p>Koło zostało założone z inicjatywy dwóch studentów Biznesu Elektronicznego. Po lewej: Łukasz Tomczak, po prawej zaś: Marek Ostolski. Formalizacja wszystkich spraw zajęła około 1,5 miesiąca. Pod koniec listopada 2006r, dokładnie 28-ego, nasze koło zostało oficjalnie wpisane do rejestru kół Akademii Morskiej W Gdyni. Członkowie Koła uczestniczyli między innymi w niżej wymienionych konferencjach: III Kongres Bezpieczeństwa<a href="https://kneb.wznj.umg.edu.pl/?page_id=6">[&#8230;]</a></p>
